0. Let v be s(25). Let i(r) be the second derivative of -r**5/10 - r**4/4 + 5*r**3/6 + 4*r**2 + 38*r. What is the hundreds digit of i(v)?
1
Let s be (-8 + 1 - (1 - 7)) + 1222. Let m = s - 574. What is the hundreds digit of m?
6
Let w be (5/(-10) - (-66)/20)*-20. Let q be w/(-12) + 2/(-3). Suppose y + 4*y + u = 348, -q*y - u = -279. What is the units digit of y?
9
Let m(o) = -o. Let j be m(4). Let c be ((-976)/48 - -21)*483*-1. What is the units digit of j/8 - (-1 + c/4)?
1
Let s = -82 - -88. Let z be (-15 - -14)/(0 - (-2)/s). What is the units digit of 84/z*9/(-6)?
2
Suppose 2*c = 2*t - 59060, 15*t = 13*t - 2*c + 59044. What is the units digit of t?
6
Let i be (3 - (-15)/(-10))/(3/16). What is the tens digit of (511/14)/(4/i)?
7
Let y = -5260 - -7426. What is the tens digit of y?
6
Let r(h) = 7*h - 30. Let g be r(9). Suppose -2*s + g = -243. What is the units digit of s?
8
Suppose -2*m = -u + 33644, 0 = 4*u + 2*m - 101369 - 33277. What is the thousands digit of u?
3
Let q(t) = -t**3 - 9*t**2 + 6. Let s be q(-9). Suppose w = -s + 12. What is the hundreds digit of 4/w*(-1014)/(-16)*4?
1
Suppose 0*u - 2*r + 8 = -3*u, -3*u + 5*r - 20 = 0. Suppose 4*c = 4*p - 68, u = -p - c - c + 29. What is the units digit of (-544)/(-7) + 6/p?
8
Suppose 2*t + u - 16 = t, 5*u = -2*t + 35. Let i be 111/t + (-12)/30. Suppose -i*a = -147 - 119. What is the tens digit of a?
3
Let a(x) = 30*x**2 - 56*x - 4857. What is the hundreds digit of a(-40)?
3
Suppose 0 = 54*w - 20247 - 30729. What is the hundreds digit of w?
9
Suppose 16*s + 67 = 179. What is the hundreds digit of (-6 + s)/((-6)/(-4890))?
8
Let x be 4 + (-5)/15*-1779. Let g = 1016 - x. What is the units digit of g?
9
Let g(z) = -2*z + 21. Let s be g(9). Suppose 3*l = s*x + x + 1424, 3*x = -2*l + 972. What is the tens digit of l?
8
Let p be (-1634)/(-26) + 66/429. Suppose p*n - 60*n = 606. What is the hundreds digit of n?
2
Suppose 2*k = -3*k - 2*k. Suppose -9*h + 10*h - 205 = k. Let i = 382 - h. What is the hundreds digit of i?
1
Let c(q) = 5*q**2 + 2*q + 6. Let j be (-5)/((-18)/24*(-4)/3). What is the units digit of c(j)?
1
Suppose -5*w - 152 = -w. Let h = w - -93. What is the units digit of h?
5
Let u = 11212 + -6131. What is the hundreds digit of u?
0
Let u = -1653 - -3773. Suppose -u - 3054 = -13*o. What is the tens digit of o?
9
Let a be (-45)/(-6)*50/75. Suppose -6*x = -8*x - 2*d + 2354, 4*d + 5840 = a*x. What is the hundreds digit of x?
1
Suppose -d - 3*j + 4*j + 15 = 0, 39 = 3*d + 3*j. Suppose -d = m - 656. Let k = m + -429. What is the hundreds digit of k?
2
Let p(i) be the third derivative of 21*i**4/8 + 4*i**3 - 12*i**2. What is the tens digit of p(6)?
0
Suppose 0 = 5*z + 4*r - 24, 9 = 3*z + 2*r - 5*r. Let p be (z - 112/3)*-3. Suppose 0 = 3*y - 374 - p. What is the tens digit of y?
5
Let m = 6 - 9. Let c be (-8)/(-2) - (-3)/m*1. Suppose g = 4*p - 0*g - 333, 0 = g - c. What is the tens digit of p?
8
Let t be (-208)/(-12)*75/100. Suppose -1001 = -t*k + 1781. What is the tens digit of k?
1
Suppose -5*v + 0*y = -y - 175, 3*v - 4*y - 88 = 0. Suppose -3*q + 4*g = -v - 328, 4*g - 100 = -q. Let s = q - 3. What is the hundreds digit of s?
1
Suppose -2475 = -18*k + 1395. Let r = k - -520. What is the tens digit of r?
3
Suppose 5*b + 2*i = 93238, -14*b + 10*b + i = -74593. What is the tens digit of b?
4
Let c(v) be the second derivative of 3*v**4/4 + 3*v**3/2 + 9*v**2/2 + 115*v. What is the tens digit of c(-4)?
1
Let s(t) = 214*t**2 - 7*t + 59. What is the tens digit of s(-4)?
1
Let k = 99020 - 68786. What is the hundreds digit of k?
2
Let q = -478 - -1649. What is the tens digit of q?
7
Let o(d) = 9*d - 22. Suppose 6*l = 3*l + 30. Let r be o(l). Let v = r - -52. What is the units digit of v?
0
Let l(u) = 9*u - 196. Let h be l(22). Suppose -h*i = -b - 1234, -b - 612 = -i + 2*b. What is the hundreds digit of i?
6
What is the thousands digit of 0 + (-29432)/(-8) - 12?
3
Let k be 32/64*(-3)/((-3)/4). Suppose 3*t = -2*h + 511, 2 = -k*t - 4. What is the units digit of h?
0
Let v = 497 + -499. What is the hundreds digit of (2256/36)/(4/(-72)*v)?
5
Let a be (-1 - (-3)/(-6)*-2) + 18. Suppose -3*t + 4*z - a = z, t + z - 2 = 0. What is the tens digit of (-14 - t)/(-3)*34?
3
Suppose 5*m + 75563 = -2*o + 253975, 0 = -4*o + 4. What is the ten thousands digit of m?
3
Suppose -3640527 - 1772433 = -168*w. What is the ten thousands digit of w?
3
What is the thousands digit of (-32)/((128/5968)/(-4))?
5
Let u = 62 + -46. Suppose -10786 = -u*o - 1442. What is the tens digit of o?
8
Suppose 3*u = -o + 10, 0*u - 4*u + o = -11. Suppose -5*a - d + 752 = 0, -u = -2*d + 1. What is the units digit of a?
0
Suppose x + 5*v - 20 = 0, 2*x + v = 4*x + 4. Suppose x = 3*w - 4*h - 855, 3*w = 2*h - 5*h + 855. What is the units digit of w?
5
Let d(c) be the first derivative of -c**4/4 - 10*c**3/3 + 11. Let b be d(-10). Suppose b = 5*i + 2*i - 98. What is the units digit of i?
4
Suppose n - 80803 = -5*r, -r + 4*r - 3*n = 48507. What is the ten thousands digit of r?
1
Suppose 0 = 6*s - 0*s + 2*s - 14784. What is the units digit of s?
8
Suppose -4*q - 6*g + g = -89, 2*q + 5*g - 37 = 0. Let z = 10 - 1. Suppose -z*s = -7*s - q. What is the units digit of s?
3
Suppose -3*v = -2*o + 124508, 62259 = o - 35*v + 31*v. What is the thousands digit of o?
2
Let x be 5/(-2)*934/(-5). Suppose t - x = -4*d, -3*t - 4*d + 958 + 411 = 0. What is the units digit of t?
1
Suppose -3*m + 12 = 0, 0 = 3*s - 4*m + 4. Suppose 3*l - 394 = -4*u + 2*u, -u + 532 = s*l. What is the tens digit of l?
3
Let y(w) = 168*w - 45. Let q be 2/((-10)/(-15)*1). What is the hundreds digit of y(q)?
4
Let o = 42 + -42. Suppose o = -2*z - 2*z - 20488. What is the units digit of z/(-39) - (-4)/6?
2
What is the tens digit of (-100706)/(-22) - (2280/220)/19?
7
Suppose -q + 3*o = 14 + 3, 4 = o. Let s be (-25)/q*(-6)/(-15). Suppose 4*h + s*z = 448, 8*h + 325 = 11*h - 4*z. What is the units digit of h?
1
Let q(r) = r**2 + 11*r - 15. Suppose 0 = 4*c + 25 + 47. Let z be q(c). Let n = 237 - z. What is the hundreds digit of n?
1
Let i(o) = -3*o + 43. Let c be i(11). Suppose -1846 = -c*t + 1414. What is the hundreds digit of t?
3
Suppose -1607 = 3*j - 5258. Suppose -12242 + j = -49*n. What is the tens digit of n?
2
Suppose -8259404 = -41*s - 51*s - 2541788. What is the tens digit of s?
4
Let s be ((-7)/3)/7 - (-16)/3. Suppose s*m - 2671 + 501 = 0. Suppose 2*g - m = -0*g. What is the hundreds digit of g?
2
Suppose 333*b = 337*b + 12, 19221 = 3*q + 3*b. What is the tens digit of q?
1
Let p(f) be the second derivative of 65*f**4/12 + 5*f**2 - 149*f. What is the hundreds digit of p(-3)?
5
Let j(v) = 727*v**2 + 135*v + 707. What is the thousands digit of j(-5)?
8
Suppose 27858 = f - z, 0 = 5*f + z - 201706 + 62380. What is the ten thousands digit of f?
2
Let t = 121 + -117. Suppose -r + 211 = 5*o, t*r - 787 = 4*o + 153. What is the units digit of r?
1
Suppose 3*m = 2*l - 11 + 9, -3*m + 3*l = 6. Suppose -40*j + 41*j = m*d + 821, -5*d + 3271 = 4*j. What is the tens digit of j?
1
Let n(f) = 716*f + 821. What is the hundreds digit of n(6)?
1
Suppose 122*u = 56116 + 113985 + 286911. What is the thousands digit of u?
3
Let t = -59 + -534. Let v = t - -904. What is the units digit of v?
1
Let w = 3876 - 2953. What is the hundreds digit of w?
9
Suppose 7*m + 68 = 285. Suppose -11 = 10*f - m. What is the tens digit of (f + -7)*((-162)/15 + -3)?
6
Let x(j) = 9 - 4*j + 9 + 2*j**2 - 15. Let t be x(2). Suppose 0*f = t*f - 183. What is the units digit of f?
1
Let y(g) = -252*g - 78. Let t be y(3). What is the hundreds digit of (t + 0)/(16/8*-1)?
4
Let u(z) = -19 + 0*z**2 + 29*z + z**2 - 11*z. Let l be u(-19). Suppose l = -q - 4*c + 51, -7*q + 2*q + 183 = -4*c. What is the units digit of q?
9
Let l = -23415 + 36630. What is the thousands digit of l?
3
Suppose 12696 + 26700 + 7129 = 5*i. What is the hundreds digit of i?
3
Suppose 50*c = 48*c + 400. What is the units digit of ((-17650)/c)/(1*2/(-8))?
3
Let p(c) be the first derivative of -75*c**2/2 - 193*c - 89. What is the units digit of p(-21)?
2
Let i(r) = -r**3 - 9*r**2 - 27*r + 7. Let g be i(8). Let q = -6 - g. What is the units digit of q?
1
Let k = -64 + 66. Suppose 32 = d + 4*b, 0 = -2*d + d + k*b + 44. Suppose -d + 156 = 4*t. What is the units digit of t?
9
Let r